 when k is divided by (2 - 18/(-45))*(1 + 4).
10
What is the remainder when 6*(-5)/105 + 6556/14 is divided by 228?
12
Calculate the remainder when ((-2385)/(-20) - -3) + (-6)/(-8) is divided by 31.
30
What is the remainder when 94 is divided by (-3)/(18/(-24))*4?
14
What is the remainder when ((-92)/(-12))/(26/156) is divided by 31?
15
Let r be (1/(-2))/(10/(-140)). Suppose r*c + 105 = 8*c. Suppose 2*f - 7*f = -c. What is the remainder when f is divided by 6?
3
Let k be ((-10)/(-15))/(3/9). Suppose 0*i + i = -3*t + 8, k*i - 15 = -5*t. Calculate the remainder when 2 is divided by t.
0
Let b = 1345 + -897. Suppose b = 4*i - 220. Calculate the remainder when i is divided by 28.
27
Suppose -21*o + 376 = -1094. What is the remainder when 278 is divided by o?
68
Suppose 72 = -3*w + 2*w. Let f = 115 + w. Let u(p) = 5*p**2 + 5*p + 5. What is the remainder when f is divided by u(-2)?
13
Let c be (-16)/(-10) - (-2)/5. Let u be c + -2 - (-6)/(-2). Let h(w) = -3*w + 4. Calculate the remainder when h(u) is divided by 5.
3
Suppose -4*l = -9*l + 135. Suppose -3*f + 0*v = -2*v + 134, -3*v - 207 = 4*f. Let o = -33 - f. Calculate the remainder when l is divided by o.
12
Suppose 5*k - 16 = 4. Suppose 0 = -o + k + 4. Let g = -60 + 62. Calculate the remainder when o is divided by g.
0
Let c(v) = 7*v - 3. Let m(r) = -3*r + 2. Let w(b) = 3*c(b) + 5*m(b). Let u = -1681 + 1706. What is the remainder when u is divided by w(1)?
4
Let u be ((-18)/(-8))/((-5)/(-20)). Suppose u*o - 188 = 5*o. What is the remainder when o is divided by 25?
22
Let g(b) = 2*b**2 + b - 2. Let k = 9 - 5. Suppose m = -1 + k. What is the remainder when g(m) is divided by 5?
4
Suppose y + 19 = 5*q, 4*y + 4*q - 3*q = 29. Calculate the remainder when 107 is divided by y.
5
Let k(w) = 2*w**3 + 12*w**2 + w + 6. Let v be k(-6). Suppose -o + 17 = -v*o. Calculate the remainder when 83 is divided by o.
15
Suppose -3*p - 2*m = -40, 0 = 2*m + 9 - 1. Let d = -10 + p. Suppose 2*g - 5*k - 37 = 0, -2*g + d*k = 3*k - 39. What is the remainder when 39 is divided by g?
18
Suppose 0 = -11*a + 1737 + 4456. What is the remainder when a is divided by 185?
8
Suppose -k + m - 25 = k, 0 = -2*k + 5*m - 29. Let z = 20 + k. Calculate the remainder when 8 is divided by z.
0
What is the remainder when 122 is divided by ((-1)/(-2))/((-14)/(-1792))?
58
Let p(t) be the first derivative of -t**4/4 + 10*t**3/3 - 5*t**2/2 - 22*t - 14. What is the remainder when 41 is divided by p(9)?
13
Let s = -18 - -46. What is the remainder when 23 is divided by (-2)/(1 + (-36)/s)?
2
Let d(k) be the first derivative of -5*k**2 + k - 26. Let n = -6 - -4. Calculate the remainder when 61 is divided by d(n).
19
Let y(j) = 12*j - 213. What is the remainder when 973 is divided by y(21)?
37
Let h = 169 + -109. Let w(z) = 8*z**2 - z. What is the remainder when h is divided by w(1)?
4
Let i = -70 - -121. Let q = -45 + i. What is the remainder when ((-23)/(-2))/(2/4) is divided by q?
5
Suppose -7*h - h + 176 = 0. Calculate the remainder when 61 + (4 - (4 - 2)) is divided by h.
19
Suppose 20 + 10 = 5*l. Let n be (-4)/(8/l)*-1. Suppose -m - 4*a = -32, -a = m - n*m + 46. Calculate the remainder when 71 is divided by m.
23
Suppose -18*v + 20*v = -2, 182 = l - 3*v. What is the remainder when l is divided by 115?
64
Suppose -3*p = 2*p - 15. Suppose 4*t - 44 = -5*o, -5*t + 3*o = 5*o - 38. Let m = t - 3. Calculate the remainder when p is divided by m.
0
Suppose 8*t - 651 = 117. Suppose 3*w - 4*p = t, -p + 1 = 4. Calculate the remainder when 107 is divided by w.
23
Let x(t) = -37 - 3*t - 5*t + 12 + 2*t. What is the remainder when 81 is divided by x(-11)?
40
Suppose -2*n + 0*n - a = 19, -15 = n - 5*a. Let z = 21 + n. Calculate the remainder when z is divided by 2/(-55) + 137107/45155.
2
Let o = 3665 + -3256. What is the remainder when o is divided by 32?
25
Let h = -1730 - -2826. What is the remainder when h is divided by 18?
16
Let y(h) = 7*h**2 + 4*h + 1. Suppose 0 = 2*u + 11 - 47. Suppose 10 = 2*z - u. What is the remainder when y(-3) is divided by z?
10
Suppose -90 - 54 = -6*t. What is the remainder when 64 is divided by t?
16
Let c(s) = 11*s + 8. Let a be c(9). Suppose -7*z + 271 + a = 0. Calculate the remainder when z is divided by 28.
26
Let c(w) = w**3 + 6*w**2 - 6*w - 4. Let t(f) = -f**3 - 5*f**2 + 5*f + 3. Let o(l) = -4*c(l) - 5*t(l). Calculate the remainder when 9 is divided by o(1).
1
Let q(f) = 3*f - 3. Let h be q(2). Let m(s) = s**3 - 3*s**2 - 2*s + 4. Let x be m(h). Let k = 55 - x. What is the remainder when k is divided by 30?
27
Let s = 22 - 13. Suppose -s*q = -14*q + 95. Calculate the remainder when 56 is divided by q.
18
Let i(u) = -5*u - 9. Let o = -16 - -30. Let x = -20 + o. Calculate the remainder when 61 is divided by i(x).
19
Let o = -429 - -440. What is the remainder when 284 is divided by o?
9
Let y be ((-40)/25)/(1/(-5)). Suppose -y*k = -227 + 51. What is the remainder when k is divided by 9?
4
Suppose 2*f + 67 = a, -f - 36 = -5*a + 308. Suppose 7*c - a = 4*c. What is the remainder when c is divided by 8?
7
Let f(v) = v**3 - 9*v**2 + 7*v - 6. Let k be f(8). Let x = k - -18. Suppose x*q = -5*g + 9 + 68, 3*q = g + 34. Calculate the remainder when 63 is divided by q.
11
Let j(z) = 23 + 13*z - 4*z - 8*z. Suppose 5*c = 2*c + 30. Calculate the remainder when j(16) is divided by c.
9
Let s(y) = y**2 - 1. Let z(m) = -8*m**2 - 2*m + 7. Let j(t) = 6*s(t) + z(t). Let b be j(-2). Calculate the remainder when -3 + b*16/(-12) is divided by 1.
0
Let x be -1 + 0 + 3 + 3. Let r be 2/(6/(-9) + 1). Let g = r + x. Calculate the remainder when g is divided by 4.
3
Suppose -f + 4576 = 3*d, 3*f + 2765 + 4871 = 5*d. Calculate the remainder when d is divided by 85.
81
Suppose -40 = 2*o - 6*o. Let k be (o + -15)/(-1 - 0). Suppose p = 2*p + 2*u - 20, 2*p - 58 = k*u. Calculate the remainder when 69 is divided by p.
21
Let n(o) = 29*o - 27. Calculate the remainder when 51 is divided by n(2).
20
Let w = 850 - 419. What is the remainder when w is divided by 31?
28
Suppose 0 = -109*s + 123*s - 1960. What is the remainder when s is divided by 55?
30
Let a(w) = -w**3 + 8*w**2 - 9*w + 1. Let n be a(6). Let i = n + 42. Calculate the remainder when i is divided by 32.
29
Suppose -42*p + 16932 = 3366. Calculate the remainder when p is divided by 54.
53
Let d(n) = -2*n**3 - 4*n**2 + 3*n - 6. Let o be d(-5). Suppose 4*v + 29 - o = 0. Let h = -5 + v. What is the remainder when 57 is divided by h?
17
Let z(b) = -b**3 - 14*b**2 + 10*b - 26. Let x be z(-15). Let k = x - -9. What is the remainder when k is divided by 10?
8
Suppose -4*m + 3*m + v = -16, -3*m - 3*v = -24. Suppose -d = 1 - m. Let a = 64 + -57. What is the remainder when d is divided by a?
4
Let g be (0 + 2 - 309)*(3 + -4). Suppose -3*q = -g + 37. What is the remainder when q is divided by 47?
43
Let x be ((-52)/(-6))/((-5)/(-3) + -2). Let b = x + 49. What is the remainder when b is divided by 4?
3
Suppose h - 2*h = 2*d + 6, -d - 3 = -2*h. Suppose 4*l = 2*z - h*z - 180, 3*l + 12 = 0. What is the remainder when z is divided by 12?
10
What is the remainder when 1 - 1 - ((-18)/(-3) - 17) is divided by (8 - 1) + (-2 - 0)?
1
What is the remainder when 583 is divided by (-12 - -10)*147/(-6)?
44
Suppose -10 = -5*w + 370. Calculate the remainder when 453 is divided by w.
73
Suppose -4*a = -7*g - 11, 5*g + 4 + 13 = 4*a. Calculate the remainder when 575 is divided by a.
7
Let z(h) = 2*h - 20. Let r be z(11). Suppose -5*q - j + 123 = 0, r*j - 30 = -0*q - q. Calculate the remainder when 118 is divided by q.
22
Let f be (-14)/(-21) - (-44)/6. Let l be (f*(-1)/2)/(-1). Suppose -15 + 55 = l*w. What is the remainder when 29 is divided by w?
9
Let b(h) = h**2 + 6*h - 3. Let w be b(-11). Let a = w - 87. Let u = a + 62. Calculate the remainder when u is divided by 15.
12
Let y = 56 + -51. Suppose -4*q - 17 = -2*l + y, 3*l - 42 = -3*q. Calculate the remainder when 21 is divided by l.
8
Let f = 9021 + -8912. Let x = 98 - 70. Calculate the remainder when f is divided by x.
25
Let u(t) = 3*t**2 - t + 3. What is the remainder when u(3) is divided by (5/(-9))/((-6)/162)?
12
Let s = -97 + 120. Calculate the remainder when 458 is divided by s.
21
Let j = 2189 + -2166. Calculate the remainder when 146 is divided by j.
8
Let x be (-76)/(-20) 